
10200
In base 3, what is -2 - 1110002?
-1110011
In base 10, what is -4 + -319?
-323
In base 14, what is -63 + 18?
-49
In base 12, what is -36 - -9?
-29
In base 4, what is 32 + -3012?
-2320
In base 6, what is -5052 - 1?
-5053
In base 13, what is 174 + 4?
178
In base 12, what is -4 + -b3?
-b7
In base 6, what is 31 + 2451?
2522
In base 16, what is -3c + 2?
-3a
In base 10, what is -12 + -194?
-206
In base 9, what is 13681 + -2?
13678
In base 12, what is -21 - 7b?
-a0
In base 5, what is 133342 - -3?
133400
In base 6, what is 131 - -4?
135
In base 5, what is 123 - 10?
113
In base 2, what is -110 - 10?
-1000
In base 2, what is -1100 + -1111?
-11011
In base 2, what is 101 - 1000010?
-111101
In base 2, what is 1010 + 101?
1111
In base 5, what is -2142 - 0?
-2142
In base 7, what is 316 + 2?
321
In base 13, what is 5a - -2?
5c
In base 6, what is -14104 + 0?
-14104
In base 15, what is 1345 + 3?
1348
In base 15, what is -19 + -6?
-20
In base 6, what is 140 + 252?
432
In base 10, what is -4 + -3108?
-3112
In base 6, what is 410 + -3?
403
In base 14, what is -4 - -233a?
2336
In base 6, what is 55 + 11?
110
In base 12, what is 321 - -6?
327
In base 2, what is 11 + -100?
-1
In base 14, what is 9 - 9?
0
In base 16, what is -b + a2?
97
In base 11, what is -36 + -14?
-4a
In base 5, what is 141014 - -10?
141024
In base 5, what is -12 + -1003?
-1020
In base 7, what is -162 + -10?
-202
In base 6, what is -23 + 45?
22
In base 11, what is -5 + 4?
-1
In base 14, what is 4 - -63?
67
In base 12, what is -4 - -a36?
a32
In base 12, what is -42 - -71?
2b
In base 16, what is -908 + 2?
-906
In base 11, what is 21 - -18?
39
In base 9, what is 1 - 211?
-210
In base 16, what is 188 - -5?
18d
In base 11, what is -75 + -17?
-91
In base 8, what is 2 + -24?
-22
In base 2, what is -100 - 10111100000?
-10111100100
In base 8, what is 2 - -101?
103
In base 13, what is 180 - 1?
17c
In base 2, what is -1110111 + 0?
-1110111
In base 8, what is -1 - -17?
16
In base 9, what is -1334 + -5?
-1340
In base 11, what is -87 - -15?
-72
In base 14, what is -49 + 7?
-42
In base 5, what is -320 - 32?
-402
In base 10, what is -423 + -2?
-425
In base 7, what is 3 + -1614?
-1611
In base 4, what is 2 + 1233?
1301
In base 9, what is -2 - -341?
338
In base 15, what is 17 + 3?
1a
In base 13, what is 3 - 345?
-342
In base 5, what is 10 - -313?
323
In base 8, what is 2 + 73?
75
In base 13, what is -12 - 98?
-aa
In base 14, what is b - 69?
-5c
In base 15, what is -1 + d?
c
In base 5, what is -1001 - 1?
-1002
In base 16, what is 14 + -3?
11
In base 4, what is 12 - -33?
111
In base 3, what is -221220 + 110?
-221110
In base 11, what is -2 - -28?
26
In base 11, what is 5 + -65?
-60
In base 12, what is -527 - 7?
-532
In base 5, what is 0 + 1111?
1111
In base 7, what is 12255 + 5?
12263
In base 3, what is 2 + -11012011?
-11012002
In base 2, what is -1000000 + 101100101?
100100101
In base 14, what is -3 + -6?
-9
In base 9, what is 0 - 20?
-20
In base 3, what is 10 - 1000222?
-1000212
In base 7, what is 6 + -105?
-66
In base 15, what is -3 - -a3?
a0
In base 13, what is 1 - 8?
-7
In base 3, what is 10211 - 11?
10200
In base 6, what is -4 - -13041?
13033
In base 14, what is bd - -a1?
180
In base 15, what is b7 - 3?
b4
In base 4, what is -203113 - -23?
-203030
In base 6, what is 23 - 110?
-43
In base 3, what is 100 + 201212?
202012
In base 10, what is -505 - 10?
-515
In base 11, what is 1 - 247?
-246
In base 13, what is -40 - -1?
-3c
In base 15, what is -1d + 1?
-1c
In base 16, what is 4 - -7e?
82
In base 5, what is 31 + -403?
-322
In base 11, what is 0 - -7?
7
In base 5, what is -24 - -144?
120
In base 3, what is -21210 + -12?
-21222
In base 4, what is 122 - 32?
30
In base 15, what is 38 - 6?
32
In base 12, what is 2 + b29?
b2b
In base 15, what is -98e - -5?
-989
In base 16, what is 5 + -475?
-470
In base 11, what is -1a + 3?
-17
In base 15, what is 0 + 4?
4
In base 5, what is -3 - 204?
-212
In base 5, what is -144 + -1?
-200
In base 13, what is 549 + -1?
548
In base 5, what is -13442 - 23?
-14020
In base 4, what is -11 + -312?
-323
In base 5, what is -4200 - 24?
-4224
In base 9, what is -5 + 180?
174
In base 7, what is 4 + 345?
352
In base 15, what is -12 + -b?
-1d
In base 2, what is 10 + -110?
-100
In base 15, what is d - -b?
19
In base 7, what is -3 + -1015?
-1021
In base 3, what is 10 + -2211?
-2201
In base 2, what is -101110101 - -1001?
-101101100
In base 3, what is -10111 - 12?
-10200
In base 6, what is -134303 - 3?
-134310
In base 11, what is -5 + 2946?
2941
In base 2, what is 111 + -10011?
-1100
In base 7, what is 20 - 402?
-352
In base 9, what is -12550 - 2?
-12552
In base 7, what is 41 - -15?
56
In base 15, what is -631 + -5?
-636
In base 8, what is -241 + 4?
-235
In base 12, what is 59 - 11?
48
In base 14, what is -d1 - -5?
-ca
In base 3, what is 1012112 + 11?
1012200
In base 2, what is 110 + 10111111?
11000101
In base 9, what is -2 - -28?
26
In base 7, what is -5 + -60?
-65
In base 2, what is 101 + 110011?
111000
In base 7, what is -45 + -134?
-212
In base 11, what is 3 - 325?
-322
In base 3, what is -211102121 + 1?
-211102120
In base 14, what is c6b - 4?
c67
In base 15, what is -399 + -5?
-39e
In base 2, what is -111 + -10111?
-11110
In base 6, what is -40005 + 1?
-40004
In base 8, what is 0 - 2422?
-2422
In base 12, what is -11 - -a4?
93
In base 12, what is 4 + 21?
25
In base 16, what is 105f + 3?
1062
In base 12, what is -85 - 51?
-116
In base 12, what is 2964 - -4?
2968
In base 15, what is -1263 + -5?
-1268
In base 12, what is -8 - -88?
80
In base 6, what is -20013 - -3?
-20010
In base 5, what is 10 + -240?
-230
In base 7, what is 604 - 5?
566
In base 9, what is -1 - -738?
737
In base 2, what is -1000110001111 - -10?
-1000110001101
In base 15, what is -1 - 0?
-1
In base 3, what is -100020 + 2?
-100011
In base 12, what is -9 - 14?
-21
In base 13, what is 2 - ca?
-c8
In base 10, what is 4 - -772?
776
In base 5, what is -22 - -10434?
10412
In base 13, what is 4 + -1a2?
-19b
In base 6, what is 44403 - 0?
44403
In base 2, what is -1000101011000 + 1?
-1000101010111
In base 5, what is 233 - 4?
224
In base 5, what is 10 + 1141?
1201
In base 4, what is -3 - -101?
32
In base 6, what is -15 - 1151?
-1210
In base 9, what is -686 + 4?
-682
In base 5, what is 4 - -144?
203
In base 13, what is 0 - -18?
18
In base 9, what is -33355 - 4?
-33360
In base 5, what is 3 - 321?
-313
In base 11, what is 21 + -44?
-23
In base 15, what is 3 - 7c?
-79
In base 15, what is -18 + -3?
-1b
In base 4, what is -21 - 1001?
-1022
In base 5, what is 0 + 2344?
2344
In base 9, what is -106 - 0?
-106
In base 4, what is -211 + 3?
-202
In base 12, what is 1a19 + 3?
1a20
In base 9, what is -4 + 357?
353
In base 9, what is -12 - -825?
813
In base 4, what is 130330 + 3?
130333
In base 6, what is -2153 - -10?
-2143
In base 6, what is -11111 - -25?
-11042
In base 5, what is 2 + -443?
-441
In base 14, what is -2 + -86?
-88
In base 10, what is -19464 + -4?
-19468
In base 15, what is -3 - 32?
-35
In base 11, what is -7 + -253?
-25a
In base 7, what is 2301 - 26?
2242
In base 15, what is -6b - 1?
-6c
In base 4, what is -13 - -312?
233
In base 9, what is 4 - 223?
-218
In base 7, what is -32 - 1?
-33
In base 10, what is -217 + 3?
-214
In base 12, what is 1a - -3?
21
In base 9, what is -68 - 412?
-481
In base 11, what is -a87 - 2?
-a89
In base 3, what is 21 + -10?
11
In base 8, what is 1 - -2610?
2611
In base 6, what is -10251 - 5?
-10300
In base 3, what is -10 + 12001?
11221
In base 13, what is 11 - -28c?
2a0
In base 12, what is 51 + -b9?
-68
In base 15, what is 1 + 23?
24
In base 4, what is 10 - -20121?
20131
In base 7, what is 35 + 2?
40
In base 16, what is -2 + 2c?
2a
In base 9, what is 5 + -263?
-257
In base 5, what is -4 + -1244?
-1303
In base 9, what is -4 + -251?
-255
In base 2, what is 100 - 11001?
-10101
In base 6, what is -144112 + -5?
-144121
In base 14, what is 76 + -c?
68
In base 3, what is 122 - 121202?
-121010
In base 14, what is 489 - -2?
48b
In base 4, what is -313130 - 0?
-313130
In base 16, what is 0 - -2da?
2da
In base 15, what is -1 - -676?
675
In base 8, what is -10 - 1130?
-1140
In base 5, what is -3 - 1043?
-1101
In base 2, what is -11 - -10000000010?
1111111111
In base 10, what is 207 - 9?
198
In base 11, what is -2 + -2548?
-2